greatest common factor of v and 1?
1
Suppose 5*p + 50 + 105 = 0. Let c = p - -75. Let q be (-14)/(-63) - 392/(-18). Calculate the greatest common divisor of c and q.
22
Suppose 3*s - 27 = 18. Calculate the highest common factor of 5 and s.
5
Let t(g) = 2*g**3 - 8*g**2 - 3*g + 6. Let i be (-2)/(-6) - (-68)/12. Let k be t(i). Calculate the greatest common divisor of k and 12.
12
Let a = 5 - -21. Let z = a - 14. Let d = 22 - z. What is the greatest common divisor of 50 and d?
10
Suppose 3*b - 2*a = 30, 5*a = -b + 7 + 3. Calculate the greatest common factor of b and 30.
10
Let w = -1 - -19. Let d = 185 + -113. What is the highest common divisor of d and w?
18
Suppose 5*x - x - 16 = 0. Suppose -10 = x*z - 46. Let o be 24 + 4 + (-1)/1. What is the greatest common factor of z and o?
9
Let c(p) = 3*p**2 - 3*p. Let g be c(6). What is the greatest common divisor of g and 18?
18
Let m(x) = x**3 + 8*x**2 - 2*x + 10. Let b be m(-8). Let a = 73 + 5. Calculate the highest common factor of a and b.
26
Suppose 0*x + 2*x - 91 = 5*a, -4*a = 20. What is the highest common divisor of 88 and x?
11
Let o = -319 + 439. Suppose -2*b + b + 15 = 0. What is the greatest common factor of b and o?
15
Let t be (-2 - 0)/(-2) - 11. Let k be (-118)/(-10) + (-2)/t. Let g(h) = 5*h - 12. Let m be g(4). Calculate the greatest common divisor of m and k.
4
Suppose 35 = -0*p + 7*p. What is the highest common factor of p and 95?
5
Suppose -3*f = 4*f - 7. What is the greatest common factor of 2 and f?
1
Let c be 0 + 1 + -1 + 5. Let o be 2/(2 - (0 - 0)). Calculate the greatest common divisor of o and c.
1
Suppose 6 + 4 = 5*a. Suppose 5 = -c, 0 = a*r - r - 5*c - 26. Let q be 10*(0 - 4/(-10)). Calculate the greatest common factor of q and r.
1
Let x(d) = d - 6. Let f be x(11). Suppose f*l - 11 = l - 5*v, 3 = 2*l + 3*v. What is the highest common divisor of l and 81?
9
Let g(i) = -3*i - 9. Let a be g(-5). Suppose -6*z = -z + 2*r - 68, 5*z - 40 = 5*r. Suppose -a*m + 2*m = -z. What is the highest common factor of 3 and m?
3
Let w = 1 - 5. Let j = -1 - w. Suppose 3*m - 3*n - 18 = 0, -n = 4*m - j*m. Calculate the greatest common divisor of m and 6.
3
Let l = -45 - -48. Suppose k + 60 = 6*k. What is the highest common factor of k and l?
3
Let z be (8/(-12))/((-1)/3). Let a = z + 0. Let b be (a - 1/1) + 3. Calculate the highest common divisor of 32 and b.
4
Let f = 57 - -51. Calculate the highest common divisor of f and 12.
12
Let a be (-24)/(-10)*25/2. Calculate the greatest common divisor of 10 and a.
10
Let a = 54 - 36. What is the highest common divisor of 45 and a?
9
Suppose -89 - 471 = -5*m. Suppose -63 = 5*c - 8. Let z = c - -27. Calculate the greatest common divisor of z and m.
16
Let t = -1 + 1. Suppose 4*m - 11 = -g, -3*m + 4*g - 10 + 4 = t. Suppose 9 = m*r - 1. What is the highest common divisor of 45 and r?
5
Suppose -178 = s - 2*s. Let j = -122 + s. Calculate the highest common divisor of j and 8.
8
Suppose n = -n + 434. Calculate the highest common factor of 31 and n.
31
Let z(m) = 14*m**3 - m**2 + 1. Let d be z(1). Suppose 0 = t + 3, t + 44 = 5*p - 2*t. What is the greatest common divisor of p and d?
7
Let a be -3 - -2 - 82/(-2). Let k(y) = -y**2 + 7*y - 2. Let o be k(4). Suppose -o = 2*u - 3*u. What is the highest common divisor of a and u?
10
Let x be (519*2)/(42/28). Suppose 338 = 2*n - 4*j, -4*n - 4*j + x - 4 = 0. What is the greatest common divisor of 19 and n?
19
Let z be (-12)/2*(-10)/15. Let x(c) = 4*c + 5. Let v be x(z). Let b be 2/(-8) - v/(-4). Calculate the highest common divisor of b and 5.
5
Let y be 8 + -1 + 1 - 2. Let l = 16 + -13. Suppose 0 = -2*f + l*f - 12. What is the highest common factor of y and f?
6
Let v be -3*(2 + 26/(-6)). Let p = v - -17. What is the highest common divisor of p and 36?
12
Let g = -216 + 411. Suppose g = -6*p + 9*p. Calculate the greatest common factor of 26 and p.
13
Let j be 104/8*2*1. Calculate the greatest common divisor of 39 and j.
13
Let d(u) = -3*u + 13. Let t(g) = -g**3 + 9*g**2 + 10*g - 4. Let q be t(10). Let a be d(q). Calculate the greatest common factor of a and 25.
25
Let i(w) = 2*w**2 - 15*w + 2. Let v be i(8). What is the highest common factor of v and 110?
10
Let c be 4/3 + 2/3. Suppose -20 = 3*h - 5*h + 2*r, 2*r = -c*h. Suppose -h*t + 20 = 0, -5*t + 50 = q - 0*q. Calculate the greatest common divisor of 75 and q.
15
Suppose 4*x - 8 = -2*l - 2*l, -8 = -x + 2*l. Calculate the highest common factor of x and 2.
2
Suppose -5*c = -10*c - g + 10, 3*g - 4 = -2*c. Suppose -h + c*o + 14 = 4*o, o = -5*h + 25. What is the highest common factor of h and 10?
2
Let t be (-16)/10*(0 - -5). Let q be 14/t*-8*1. What is the greatest common divisor of q and 7?
7
Let a be ((-36)/(-5))/(2/20). Let z be (-1 - 1 - -16) + 0 - 2. Calculate the greatest common divisor of a and z.
12
Suppose -2*c + 13 = 2*b - 5*c, -3*b + 52 = 2*c. What is the greatest common factor of b and 14?
14
Let q = 3 + 67. Suppose -2*g = 5*o - 28, 0 = -0*g - 5*g + 2*o + q. Calculate the highest common factor of 70 and g.
14
Let g(b) = -b**2 + 6*b + 2. Let r be g(4). Suppose -27 = 2*w + 5. Let u = 4 - w. Calculate the greatest common divisor of u and r.
10
Let h be (42/(-15))/((-4)/10). Let p = h - 1. What is the greatest common factor of p and 4?
2
Suppose 5*l - 52 - 8 = 0. Calculate the greatest common divisor of 12 and l.
12
Suppose 0 = v - 3*o - 2, 2*v - 2*o - 36 = -4*o. Calculate the greatest common divisor of v and 448.
14
Let y be (-6)/(-21) - 166/(-7). Calculate the highest common divisor of y and 8.
8
Suppose 3*h - 90 = 5*l, 2*h - 4*l = 35 + 25. What is the greatest common divisor of 60 and h?
30
Let i be 270/15 - (-1 + -1). Let z(t) = 11*t**3 - t**2 - 2*t. Let l be z(2). Calculate the greatest common divisor of i and l.
20
Suppose f = -3*m, 2*f + 3*m - 7 = 4*m. Suppose f = -v - 4*x + 18, -2*x + 11 = v. Let o be 7*(0 + (1 - 0)). What is the greatest common divisor of o and v?
7
Suppose 11*o - 26 = 10*o. Calculate the highest common divisor of 13 and o.
13
Let h(t) = -8*t**2 - 1. Let i be h(-2). Let c = 52 + i. Let q = -3 + c. Calculate the highest common divisor of 48 and q.
16
Let c(x) = -6*x + 14. Let p be c(8). Let y = -68 - -2. Let q = p - y. Calculate the highest common divisor of q and 4.
4
Let p(r) = -28*r. Let v be p(-5). What is the greatest common factor of 28 and v?
28
Let b(c) = -2*c + 11. Let m be b(-5). Let i(z) = -z**3 - 3*z**2 + 6*z + 1. Let h be i(-5). Calculate the highest common factor of m and h.
21
Suppose -3*x + 5*q = -2*x - 34, 118 = 5*x + q. Suppose -h = h - x. Let v = h - 8. What is the highest common divisor of v and 20?
4
Suppose -2*l - 5*h - 17 = 0, -h - 1 = 4*l + 24. Let u be (-722)/l - 3/9. What is the highest common factor of u and 15?
15
Suppose 0*s + 4*s - 792 = 0. What is the highest common divisor of 22 and s?
22
Suppose 8*d - 15 = 3*d, 3*w = 5*d + 279. Calculate the greatest common divisor of w and 14.
14
Let r(t) = -t**3 - 2*t**2 - 4*t. Let l be r(-3). Let s = 5 + 16. Calculate the greatest common factor of l and s.
21
Suppose 2*g + 4*l - 5 + 21 = 0, -g = 4*l + 16. Suppose -4*t - w + 69 = g, -4*w - 28 = -5*t + 2*t. Calculate the greatest common divisor of t and 80.
16
Let f(v) = -2*v - 2. Let n be f(-4). Suppose -n*a + 9*a = 42. Calculate the highest common divisor of 14 and a.
14
Let r(a) = -19*a - 3. Let s be r(-3). Let j = -2 - -4. Suppose 0 = -j*t - 0*t + 18. Calculate the greatest common divisor of s and t.
9
Let j = 3 + 2. Let h = 0 - -2. Suppose 0 = -3*w - h*w + 25. What is the greatest common divisor of j and w?
5
Let f = 34 - 30. Calculate the highest common factor of f and 16.
4
Suppose -2*r + 83 = -1. Calculate the highest common divisor of r and 28.
14
Let c(v) = -v**2 - 8*v - 2. Let r be c(-6). Calculate the greatest common factor of r and 80.
10
Let g = 65 - 43. Calculate the greatest common factor of 55 and g.
11
Let b(c) = 9*c**2 - 1. Let h be b(1). Let l(u) = -h + 12 + 0*u - u**3 - u + 5*u**2. Let d be l(4). Calculate the greatest common factor of d and 16.
16
Let m = 4 - 6. Let y be -2 + 2/(m/(-3)). Let v(s) = -s**2 + 16*s - 51. Let l be v(11). Calculate the greatest common divisor of y and l.
1
Let n = 6 - 0. Calculate the greatest common factor of 3 and n.
3
Let a = -48 + 8. Let h be (a/(-3))/((-28)/(-126